{"id":12913,"date":"2026-03-16T15:09:45","date_gmt":"2026-03-16T18:09:45","guid":{"rendered":"http:\/\/200.144.254.246:4000\/tainacan\/?page_id=12913"},"modified":"2026-04-10T18:00:18","modified_gmt":"2026-04-10T21:00:18","slug":"sobre","status":"publish","type":"page","link":"http:\/\/200.144.254.246:4000\/tainacan\/index.php\/sobre\/","title":{"rendered":"Sobre"},"content":{"rendered":"\n<p>Este Guia fornece informa\u00e7\u00f5es acerca dos fundos que comp\u00f5e o acervo do Arquivo Geral, composto de documenta\u00e7\u00e3o oriunda de diversas Unidades da USP.<\/p>\n\n\n\n<p>Desde 2006, o Arquivo Geral promove o recolhimento e a cust\u00f3dia de documentos permanentes, zelando por sua conserva\u00e7\u00e3o e organiza\u00e7\u00e3o com vistas \u00e0 pesquisa e difus\u00e3o.<\/p>\n\n\n\n<p><\/p>\n","protected":false},"excerpt":{"rendered":"<p>Este Guia fornece informa\u00e7\u00f5es acerca dos fundos que comp\u00f5e o acervo do Arquivo Geral, composto de documenta\u00e7\u00e3o oriunda de diversas Unidades da USP. Desde 2006, o Arquivo Geral promove o recolhimento e a cust\u00f3dia de documentos permanentes, zelando por sua conserva\u00e7\u00e3o e organiza\u00e7\u00e3o com vistas \u00e0 pesquisa e difus\u00e3o.<\/p>\n","protected":false},"author":10,"featured_media":0,"parent":0,"menu_order":0,"comment_status":"closed","ping_status":"closed","template":"","meta":{"_eb_attr":"","dsgo_overlay_header":false,"dsgo_overlay_header_text_color":"","dsgo_overlay_skip_top_bar":false,"_designsetgo_exclude_llms":false,"footnotes":""},"class_list":["post-12913","page","type-page","status-publish","hentry"],"_links":{"self":[{"href":"http:\/\/200.144.254.246:4000\/tainacan\/index.php\/wp-json\/wp\/v2\/pages\/12913","targetHints":{"allow":["GET"]}}],"collection":[{"href":"http:\/\/200.144.254.246:4000\/tainacan\/index.php\/wp-json\/wp\/v2\/pages"}],"about":[{"href":"http:\/\/200.144.254.246:4000\/tainacan\/index.php\/wp-json\/wp\/v2\/types\/page"}],"author":[{"embeddable":true,"href":"http:\/\/200.144.254.246:4000\/tainacan\/index.php\/wp-json\/wp\/v2\/users\/10"}],"replies":[{"embeddable":true,"href":"http:\/\/200.144.254.246:4000\/tainacan\/index.php\/wp-json\/wp\/v2\/comments?post=12913"}],"version-history":[{"count":3,"href":"http:\/\/200.144.254.246:4000\/tainacan\/index.php\/wp-json\/wp\/v2\/pages\/12913\/revisions"}],"predecessor-version":[{"id":16062,"href":"http:\/\/200.144.254.246:4000\/tainacan\/index.php\/wp-json\/wp\/v2\/pages\/12913\/revisions\/16062"}],"wp:attachment":[{"href":"http:\/\/200.144.254.246:4000\/tainacan\/index.php\/wp-json\/wp\/v2\/media?parent=12913"}],"curies":[{"name":"wp","href":"https:\/\/api.w.org\/{rel}","templated":true}]}}